et f(x) = 55*x**2 - 13*x - 23. Let c be (3 - -4)/21*(-12)/2. List the prime factors of f(c).
223
Suppose 22*h - 19*h - 681 = 0. Suppose 80 = -3*p + h. Suppose -p = -5*f + 36. List the prime factors of f.
17
List the prime factors of (-106206)/(-9)*(1 + -1 - 21/(-14)).
31, 571
Suppose -s = -25 + 130. Let v = s + 89. Let y = 48 - v. What are the prime factors of y?
2
Let n = -8489 + 21120. What are the prime factors of n?
17, 743
Let a(o) = 5*o - 40. Let g be a(7). Let j(s) = s**2 + 2*s - 14. Let m be j(g). Let w(f) = 122*f**3 - f**2 - f + 1. What are the prime factors of w(m)?
11
Let t = 81 - 77. Let d(u) = 238*u + 9. List the prime factors of d(t).
31
Let x = 89799 + -50114. List the prime factors of x.
5, 7937
Let t = -6165 + 9847. Suppose 13*p - t = -p. List the prime factors of p.
263
Suppose 2*l - 22979 - 5268 = -b, 3*b = 4*l - 56479. List the prime factors of l.
2, 23, 307
Let w = 659 + -1249. List the prime factors of (w/(-4) + 2)*(-164)/(-41).
2, 13, 23
Let f(r) = 3*r**2 - 148*r - 1569. What are the prime factors of f(-81)?
2, 3, 29, 173
Suppose -17*y + 68782 = -31263. What are the prime factors of y?
5, 11, 107
Let h(f) = -30*f**3 - 3*f**2 - 14*f - 9. Let n be h(-5). What are the prime factors of 20/(-8) - n/(-16)?
3, 7, 11
Let f be (14/6 - 2)*9. Let j(t) = 15*t + 288. Let g be j(-20). List the prime factors of (f*g/9)/(4/(-26)).
2, 13
List the prime factors of (-43211)/(-4) - 229/(-916).
3, 13, 277
Suppose 28*v = 25*v - 5*c + 236906, 0 = 2*c + 10. List the prime factors of v.
78977
Let p(n) = -27 + 9*n - 5*n**3 + 0*n**3 + n**3 + 34*n**2 + 6*n**3. List the prime factors of p(-16).
11, 31
Let x(c) = 63*c - 12. Let l(b) = -b**3 + 21*b**2 - 2*b + 44. Let j be l(21). List the prime factors of x(j).
2, 3, 19
Let v be (-1 - -2)/((-47)/6 - -8). Let d(m) = 6*m**2 + 8*m + 6. List the prime factors of d(v).
2, 3, 5
Let d = 228 - 259. List the prime factors of (-8866)/d - (8/(-2))/(-2).
2, 71
Suppose -5*q = 4*y - 13, -3*q = 5*y + 3 - 16. Let o = -9031 - -9042. Suppose -o*z = -y*z - 657. What are the prime factors of z?
73
Let m(j) = 24*j**2 - 11*j + 14. What are the prime factors of m(6)?
2, 7, 29
Let q be (-6)/(3 - 0)*2452/(-8). Let a = q - 298. List the prime factors of a.
3, 5, 7
Let k(x) = -1 + 0 - 6*x + 12 + 21*x + 3 + 121*x**2. List the prime factors of k(-3).
2, 23
Suppose c + 12 = 16. Suppose 0 = 2*n - 6*n + c*i + 4, -i - 19 = 5*n. What are the prime factors of (-94)/8*(-1 + 5)*n?
3, 47
Suppose -103 = b - 106. Suppose -33 = 14*l - b*l. What are the prime factors of (-4)/l + (-470)/(-3)?
2, 79
Let v(q) = 833*q - 2594. What are the prime factors of v(40)?
2, 3, 569
Let k be -60*(-6 + 973/(-14)). Suppose -1563*b = -1568*b + k. What are the prime factors of b?
2, 3, 151
Suppose -4*m - 2*p = p - 580, 3*m - 440 = -p. Let l = m + -141. List the prime factors of l.
7
Let q = -63 + 65. Let w(s) = -3*s - 1 - 16*s**q - s**3 + 0 - 3 + 0. List the prime factors of w(-16).
2, 11
Let l be 2*((-14)/(-6))/(1/(-3)). Let u = l + 18. Suppose 7*b - 267 = u*b. List the prime factors of b.
89
Suppose 0 = -5*s + 5*k + 36590, -3*k - 11099 = -5*s + 25491. List the prime factors of s.
2, 3659
Suppose 410 = -8*b + 410. List the prime factors of 14976/13 + 7 + b.
19, 61
Let i = -31869 - -59668. List the prime factors of i.
27799
Let l = -23335 - -36215. Suppose 26*t - l = -374. List the prime factors of t.
13, 37
Suppose -l + 32 = 5*j - 50, -466 = -5*l + 3*j. Suppose 0 = -m - 3*o + 35, -7*o = -4*m - 3*o + l. List the prime factors of m.
2, 13
Let y(m) = 6203*m. What are the prime factors of y(2)?
2, 6203
Suppose -40 = -6*z + z. Let r be ((-527)/186)/(3/(-36)). Let o = z + r. What are the prime factors of o?
2, 3, 7
Suppose 4*c - 5*c - 335 = x, -3*x + 5*c = 1029. Let w = 671 - x. What are the prime factors of w?
1009
Suppose 47173 = 16*o + 76739 - 775998. List the prime factors of o.
2, 107, 109
Let d = -10293 + 15571. What are the prime factors of d?
2, 7, 13, 29
Let n = 13992 + -5625. What are the prime factors of n?
3, 2789
Let a be (-678)/60*8 - (-4)/10. Let b be 4/((5 + 0)*(-36)/a). Suppose -197 - 91 = -b*c. What are the prime factors of c?
2, 3
Let g = -713 + 561. List the prime factors of (1 + g/(-16))/(6/388).
7, 97
Suppose 3*p - 17 = -158. Let j = p - -35. What are the prime factors of ((-5)/5*j)/(2/12)?
2, 3
Suppose -7*m + 26 = -100. Suppose 16 = 2*p + m, -3*r + 5364 = 3*p. What are the prime factors of r?
1789
Let b = 30 + -28. Let l be b/(14/4 + -3) - 2. Suppose 0 = -l*t - 5*m + 130, -3*t - 5*m + 128 = -72. List the prime factors of t.
2, 5, 7
Suppose 9*p + 8*p = 7701. Suppose 4*a - 215 = p. List the prime factors of a.
167
Let p(f) = -36*f**3 - 3*f**2 + 5*f - 13. What are the prime factors of p(-6)?
5, 61
Suppose -u = -4*l - 19, 6*l = 3*u + 4*l - 17. Suppose 0 = 2*b - 2*j - 630, 0 = u*b - 0*j + 2*j - 950. What are the prime factors of b?
2, 79
Suppose 4*z - 28 + 8 = 0. Suppose -z*m - 5*i - 48 = -i, 4*m + 5*i + 33 = 0. Let w(h) = -h**2 - 13*h - 2. What are the prime factors of w(m)?
2, 5
Let q be 2*1 + (-48)/12 + 7. Let v = 425 - 1219. List the prime factors of q/(-15) + v/(-6).
2, 3, 11
Let g(p) = -p**3 - 27*p**2 - 50*p + 33. Let s be g(-25). Suppose -s*c + 6940 = -23*c. What are the prime factors of c?
2, 347
Let w = 367 + -379. What are the prime factors of (2374/30*3)/(w/(-60))?
1187
Let p be (-1 - 0)*-31 - 2. Suppose -24*w + 336 = -38*w. Let f = p + w. List the prime factors of f.
5
Let j(r) = 2*r**3 + 26*r**2 + 8*r - 8. Let k be j(-11). Let q = -152 + k. What are the prime factors of q?
2, 59
Suppose -3*y - 2*n = -10, y = -0*y + 2*n - 10. Let r = -15 - -19. Suppose -r*x + y*x = -256. What are the prime factors of x?
2
Let w(h) be the first derivative of -h**2 + 12*h + 29. Let j be w(-13). Suppose 0*z - 61 = -5*r + z, -2*r = 3*z - j. What are the prime factors of r?
13
Suppose 39*j - 38*j = 2. Suppose j*s + 104 = 3*q, -5*q + 3*s = 83 - 255. Let z = 111 - q. What are the prime factors of z?
79
Let a(o) = -5*o - 18. Let z be (-20)/15*(-12)/8. Suppose -4*p + 22 = -c, 11 = -z*c - 2*p - p. What are the prime factors of a(c)?
2
Let x(u) = -73*u - 203. Let f(o) = 37*o + 101. Let z(s) = -5*f(s) - 2*x(s). List the prime factors of z(-14).
3, 149
Let p(z) = 5*z**3 - 3*z**2 - 8*z - 2. Let i be p(5). Suppose 5*r = -5*u + i + 112, u = -3*r + 130. List the prime factors of u.
11
Let x(o) = 7*o + 10. Suppose f + 2 = -0. Let u be x(f). What are the prime factors of (-3 - 10/u)*(-47 + 1)?
23
Suppose 523*w = 560*w - 258704. List the prime factors of w.
2, 19, 23
Suppose 2*d - 7*n + 11*n = -178, 4*d + 396 = 2*n. Let y be (-81)/(1 + (-1)/2). Let u = d - y. What are the prime factors of u?
5, 13
Suppose 3*k + 3*p - 12 = 0, 3 + 3 = -k + 4*p. Suppose 0 = 7*z - k*z + 20, -2*y - 5*z = -188. List the prime factors of (6 - 3)/3 + y.
3, 5, 7
Let l = 54 + 155. Let n = l - -36. What are the prime factors of n?
5, 7
Suppose -40*p - 22*p + 732378 = 49*p. What are the prime factors of p?
2, 3299
Suppose 12*i = 7*i. Suppose -17*l + 20*l - 9 = i. Suppose -3*b - 3 = -15, 0 = l*q - 4*b - 566. List the prime factors of q.
2, 97
Suppose 0 = s - 4*s - b + 1221, 4*s = -4*b + 1628. Suppose 384*v - s*v + 3910 = 0. What are the prime factors of v?
2, 5, 17
Let v = 980 + -596. Let i(t) = t**2 - 1. Let x be i(2). Suppose -g = -3*d - 3*g + v, x*d + 3*g = 381. List the prime factors of d.
2, 5, 13
Let m(o) = 2*o**2 - 9*o - 16. Let g be m(6). Suppose g*b = 6*b - 8. Suppose -24 = b*p - 88. List the prime factors of p.
2
Let h(u) = 5*u**2 - 15*u + 6. Let x be h(4). Let v(d) = -x + 37 + 50 + d**2 + 0. List the prime factors of v(0).
61
Let h(n) = -4*n + 29. Let u be h(-4). Suppose 0*i - 43 = 2*i - r, 0 = 2*i + r + u. Let j = 11 - i. List the prime factors of j.
3, 11
Let w = -9050 - -15285. What are the prime factors of w?
5, 29, 43
Let q(r) = -297*r - 5843. What are the prime factors of q(-124)?
5, 6197
Let o(a) = a**3 + 7*a**2 - 12*a - 27. Let u be o(-6). Let s = u - -357. What are the prime factors of s?
2, 3, 73
Let h(i) = -8*i - 158. Let g be h(-19). What are the prime factors of ((-2008)/(-20) + 8)*(-105)/g?
7, 271
List the prime factors of ((-1138593)/(-42) - (-9)/(-6)) + (-12)/14.
27107
Let h(l) = 40 + 7*l**2 + 20*l + 20 + 22. List the prime factors of h(-8).
2, 5, 37
Let s(n) = 0*n + 10*n